{"id":984,"date":"2010-07-13T18:23:54","date_gmt":"2010-07-13T16:23:54","guid":{"rendered":"http:\/\/www.rulando.es\/?page_id=984"},"modified":"2023-04-17T16:42:42","modified_gmt":"2023-04-17T14:42:42","slug":"via-verde-de-ojos-negros","status":"publish","type":"page","link":"https:\/\/www.rulando.es\/?page_id=984","title":{"rendered":"V\u00eda verde de Ojos Negros"},"content":{"rendered":"<p><a href=\"http:\/\/www.rulando.es\/wp-content\/uploads\/2010\/07\/ojosnegros_invernal.jpg\"><img loading=\"lazy\" decoding=\"async\" src=\"http:\/\/www.rulando.es\/wp-content\/uploads\/2010\/07\/ojosnegros_invernal.jpg\" alt=\"\" title=\"ojosnegros_invernal\" width=\"470\" height=\"268\" class=\"aligncenter size-full wp-image-1100\" srcset=\"https:\/\/www.rulando.es\/wp-content\/uploads\/2010\/07\/ojosnegros_invernal.jpg 470w, https:\/\/www.rulando.es\/wp-content\/uploads\/2010\/07\/ojosnegros_invernal-300x171.jpg 300w\" sizes=\"auto, (max-width: 470px) 100vw, 470px\" \/><\/a><br \/>\n<br \/>\nLa v\u00eda verde de Ojos Negros es un antiguo trazado ferroviario abandonado, recuperado para el paseo en bici o a pie. La v\u00eda de ferrocarril permit\u00eda el transporte de mineral desde Ojos Negros (Teruel) hasta Sagunto (Valencia). Actualmente la v\u00eda est\u00e1 acondicionada para bicicletas entre Santa Eulalia del Campo (Teruel) y Torres-Torres (Valencia). Nosotros hemos recorrido en tres etapas el tramo entre Cella (Teruel) y Segorbe (Castell\u00f3n):<br \/>\n<\/p>\n<ul>\n<li><a href=\"http:\/\/www.rulando.es\/?page_id=999\">Cella &#8211; La Puebla de Valverde<\/a><\/li>\n<li><a href=\"http:\/\/www.rulando.es\/?page_id=1001\">La Puebla de Valverde &#8211; Barracas<\/a><\/li>\n<li><a href=\"http:\/\/www.rulando.es\/?page_id=1003\">Barracas &#8211; Segorbe<\/a><\/li>\n<\/ul>\n<p><\/p>\n","protected":false},"excerpt":{"rendered":"<p>La v\u00eda verde de Ojos Negros es un antiguo trazado ferroviario abandonado, recuperado para el paseo en bici o a pie. La v\u00eda de ferrocarril permit\u00eda el transporte de mineral desde Ojos Negros (Teruel) hasta Sagunto (Valencia). Actualmente la v\u00eda est\u00e1 acondicionada para bicicletas entre Santa Eulalia del Campo (Teruel) y Torres-Torres (Valencia). Nosotros hemos &hellip; <a href=\"https:\/\/www.rulando.es\/?page_id=984\" class=\"more-link\">Continue reading <span class=\"screen-reader-text\">V\u00eda verde de Ojos Negros<\/span> <span class=\"meta-nav\">&rarr;<\/span><\/a><\/p>\n","protected":false},"author":2,"featured_media":0,"parent":975,"menu_order":0,"comment_status":"closed","ping_status":"open","template":"","meta":{"footnotes":""},"class_list":["post-984","page","type-page","status-publish","hentry"],"_links":{"self":[{"href":"https:\/\/www.rulando.es\/index.php?rest_route=\/wp\/v2\/pages\/984","targetHints":{"allow":["GET"]}}],"collection":[{"href":"https:\/\/www.rulando.es\/index.php?rest_route=\/wp\/v2\/pages"}],"about":[{"href":"https:\/\/www.rulando.es\/index.php?rest_route=\/wp\/v2\/types\/page"}],"author":[{"embeddable":true,"href":"https:\/\/www.rulando.es\/index.php?rest_route=\/wp\/v2\/users\/2"}],"replies":[{"embeddable":true,"href":"https:\/\/www.rulando.es\/index.php?rest_route=%2Fwp%2Fv2%2Fcomments&post=984"}],"version-history":[{"count":16,"href":"https:\/\/www.rulando.es\/index.php?rest_route=\/wp\/v2\/pages\/984\/revisions"}],"predecessor-version":[{"id":1786,"href":"https:\/\/www.rulando.es\/index.php?rest_route=\/wp\/v2\/pages\/984\/revisions\/1786"}],"up":[{"embeddable":true,"href":"https:\/\/www.rulando.es\/index.php?rest_route=\/wp\/v2\/pages\/975"}],"wp:attachment":[{"href":"https:\/\/www.rulando.es\/index.php?rest_route=%2Fwp%2Fv2%2Fmedia&parent=984"}],"curies":[{"name":"wp","href":"https:\/\/api.w.org\/{rel}","templated":true}]}}