{"id":670,"date":"2009-10-08T20:52:31","date_gmt":"2009-10-08T18:52:31","guid":{"rendered":"http:\/\/www.rulando.es\/?page_id=670"},"modified":"2023-04-17T16:42:17","modified_gmt":"2023-04-17T14:42:17","slug":"zuera","status":"publish","type":"page","link":"https:\/\/www.rulando.es\/?page_id=670","title":{"rendered":"Zuera"},"content":{"rendered":"<p><strong><span style=\"color: #000000;\">RESUMEN<\/span><\/strong><\/p>\n<p><span style=\"color: #000000;\">Recorrido\u00a0desde la desembocadura del G\u00e1llego, remontando su cauce por la margen derecha, hasta la poblaci\u00f3n de Zuera. Se sigue el mismo itinerario descrito hasta el azud de Urd\u00e1n, y a partir de ah\u00ed se alcanza el barrio de El Comercio y la poblaci\u00f3n de Villanueva de G\u00e1llego, para finalmente entrar en Zuera por el nuevo barrio de San Juan.<\/span><\/p>\n<table style=\"height: 86px; text-align: center;\" border=\"0\" cellspacing=\"0\" cellpadding=\"0\" width=\"498\">\n<tbody>\n<tr>\n<td><a href=\"http:\/\/www.rulando.es\/libro\/zuera.pdf\" target=\"_blank\" rel=\"noopener\"><br \/>\n<img loading=\"lazy\" decoding=\"async\" class=\"alignnone size-medium wp-image-454\" style=\"border: 0pt none;\" title=\"Libro de ruta\" src=\"http:\/\/www.rulando.es\/wp-content\/uploads\/2009\/01\/rul3druta.jpg\" alt=\"\" width=\"90\" height=\"60\" \/><\/a><\/td>\n<td><a href=\"http:\/\/www.rulando.es\/croquis\/zuera.zip\" target=\"_blank\" rel=\"noopener\"><img loading=\"lazy\" decoding=\"async\" class=\"alignnone size-medium wp-image-455\" style=\"border: 0pt none;\" title=\"Croquis de la ruta\" src=\"http:\/\/www.rulando.es\/wp-content\/uploads\/2009\/01\/rul3dmap.jpg\" alt=\"Descarga el croquis\" width=\"90\" height=\"73\" \/><\/a><\/td>\n<td><a href=\"http:\/\/www.rulando.es\/tracks\/zuera.zip\" target=\"_blank\" rel=\"noopener\"><img loading=\"lazy\" decoding=\"async\" class=\"size-medium wp-image-457 alignnone\" style=\"border: 0pt none;\" title=\"Fichero GPX\" src=\"http:\/\/www.rulando.es\/wp-content\/uploads\/2009\/01\/rul3dgpx1.jpg\" alt=\"\" width=\"80\" height=\"80\" \/><\/a><\/td>\n<\/tr>\n<\/tbody>\n<\/table>\n<p style=\"text-align: center;\"><a href=\"http:\/\/www.rulando.es\/wp-content\/uploads\/2008\/11\/foto_23.jpg\"><\/a><\/p>\n<p style=\"text-align: center;\"><a href=\"http:\/\/www.rulando.es\/wp-content\/uploads\/2008\/10\/foto_11.jpg\"><\/a><\/p>\n<p style=\"text-align: center;\"><strong><a href=\"http:\/\/www.rulando.es\/wp-content\/uploads\/2009\/04\/azudurdan.jpg\"><\/a><\/strong><\/p>\n<p><strong><a href=\"http:\/\/www.rulando.es\/wp-content\/uploads\/2009\/10\/bosque_ribera.jpg\"><img loading=\"lazy\" decoding=\"async\" class=\"aligncenter size-full wp-image-678\" title=\"bosque de ribera\" src=\"http:\/\/www.rulando.es\/wp-content\/uploads\/2009\/10\/bosque_ribera.jpg\" alt=\"\" width=\"500\" height=\"245\" srcset=\"https:\/\/www.rulando.es\/wp-content\/uploads\/2009\/10\/bosque_ribera.jpg 800w, https:\/\/www.rulando.es\/wp-content\/uploads\/2009\/10\/bosque_ribera-300x147.jpg 300w\" sizes=\"auto, (max-width: 500px) 100vw, 500px\" \/><\/a><\/strong><\/p>\n<p><strong>CARACTER\u00cdSTICAS PRINCIPALES<\/strong><\/p>\n<ul>\n<li>\n<div style=\"PADDING-LEFT: 30px\">Tipo: ruta lineal (<span style=\"text-decoration: underline;\"><span style=\"color: #000000;\"><strong>S\u00d3LO IDA<\/strong><\/span><\/span>)<\/div>\n<\/li>\n<li>\n<div style=\"PADDING-LEFT: 30px\">Longitud:\u00a030,91 km (*)<\/div>\n<\/li>\n<li>\n<div style=\"PADDING-LEFT: 30px\">Inicio: Azud sobre el Ebro<\/div>\n<\/li>\n<li>\n<div style=\"PADDING-LEFT: 30px\">Final: Avda. de Zaragoza en Zuera<\/div>\n<\/li>\n<li>\n<div style=\"PADDING-LEFT: 30px\">Desnivel ascendente:\u00a080 m (*)<\/div>\n<\/li>\n<li>\n<div style=\"PADDING-LEFT: 30px\">Desnivel descendente:\u00a020 m (*)<\/div>\n<\/li>\n<li>\n<div style=\"PADDING-LEFT: 30px\">Itinerario: Zaragoza, Monta\u00f1ana, San Juan de Mozarrifar, Azud de Urd\u00e1n, B\u00ba del Comercio, Villanueva de G\u00e1llego y Zuera<\/div>\n<\/li>\n<li>\n<div style=\"PADDING-LEFT: 30px\">Lugares de Inter\u00e9s: riberas del G\u00e1llego, azud de Urd\u00e1n, Villanueva, Zuera<\/div>\n<\/li>\n<li>\n<div style=\"PADDING-LEFT: 30px\">Cartograf\u00eda: Hojas 383-II (Zaragoza), 384-I (La Puebla de Alfind\u00e9n)\u00a0y 355-III (Villamayor)\u00a01:25.000 del IGN.<\/div>\n<\/li>\n<\/ul>\n<blockquote>\n<p style=\"PADDING-LEFT: 30px\">(*) Datos obtenidos mediante GPS<\/p>\n<\/blockquote>\n<p><strong>MAPA Y PERFIL LONGITUDINAL<\/strong><br \/>\n[map style=&#8221;width: auto; height:400px; margin:20px 0px 20px 0px; border: 1px solid black;&#8221; gpx=&#8221;http:\/\/www.rulando.es\/tracks\/zuera.gpx&#8221;]<\/p>\n<p><strong>DESCRIPCI\u00d3N<\/strong><\/p>\n<p>Partimos del azud sobre el Ebro en la margen izquierda del mismo y seguimos el mismo itinerario descrito para el azud de Urd\u00e1n.<\/p>\n<p>Con el azud de Urd\u00e1n ya a la vista, giramos 90\u00ba a la izquierda y tomamos una pista entre campos de cultivo.\u00a0Tras 500 m\u00a0llegamos a otra pista perpendicular a la nuestra y la tomamos hacia la derecha. Otro giro de 90\u00ba en el acceso a Torre de El Baile y desembocamos en pista asfaltada y cruce de cuatro caminos. Tomamos el asfalto hacia la derecha y cruzamos el barrio del Comercio. En \u00e9l mismo, giramos a la derecha para cruzar por un puente sobre la acequia del Rabal y tomamos una nueva pista de tierra. Continuamos por ella dejando caminos secundarios. Desembocamos en una nueva pista que tomamos a la izquierda. Poco despu\u00e9s giramos a la derecha hacia unos invernaderos. Continuamos por la pista hasta una nueva intersecci\u00f3n con otra pista, que tomamos a la izquierda. Enseguida, tras un tramo junto a un bonito muro alcanzamos unos frondosos pl\u00e1tanos, giramos a la izquierda y tenemos de frente torre Guallar. La bordeamos, cruzamos la acequia de Rabal y continuamos hacia Villanueva. Sin llegar a alcanzar el ferrocarril y el n\u00facleo urbano, giramos a la derecha, bordeamos un paso superior sobre la l\u00ednea ferroviaria y continuamos por buena pista hasta la altura de la urbanizaci\u00f3n Las Lomas. Aqu\u00ed despu\u00e9s de un peque\u00f1o quiebro evitando una escombrera, continuamos en direcci\u00f3n norte, por una pista hasta el cruce con la carretera de Zuera a San Mateo de G\u00e1llego.<\/p>\n<p>Tras dejar atr\u00e1s un nuevo paso sobre el ferrocarril, nos aproximamos al r\u00edo G\u00e1llego y disfrutamos de unas bonitas vistas desde sus acantilados. Continuamos entre la l\u00ednea de alta velocidad y el r\u00edo, hasta un paso inferior que nos permite cruzar bajo las v\u00edas del tren. Seguimos por la pista principal y enseguida alcanzamos el nuevo barrio de San Juan, en Zuera.<\/p>\n<p>\u00a0<\/p>\n<p style=\"text-align: center;\"><a href=\"http:\/\/www.rulando.es\/wp-content\/uploads\/2009\/04\/pinourdan.jpg\"><\/a><\/p>\n<p style=\"text-align: center;\"><a href=\"http:\/\/www.rulando.es\/wp-content\/uploads\/2008\/11\/foto_41.jpg\"><\/a><\/p>\n<p style=\"text-align: center;\"><strong><a href=\"http:\/\/www.rulando.es\/wp-content\/uploads\/2009\/10\/panizo.jpg\"><img loading=\"lazy\" decoding=\"async\" class=\"size-full wp-image-679  aligncenter\" title=\"panizo\" src=\"http:\/\/www.rulando.es\/wp-content\/uploads\/2009\/10\/panizo.jpg\" alt=\"\" width=\"500\" height=\"266\" srcset=\"https:\/\/www.rulando.es\/wp-content\/uploads\/2009\/10\/panizo.jpg 1190w, https:\/\/www.rulando.es\/wp-content\/uploads\/2009\/10\/panizo-300x159.jpg 300w\" sizes=\"auto, (max-width: 500px) 100vw, 500px\" \/><\/a><\/strong><\/p>\n<p><strong>LIBRO DE RUTA<br \/>\n<\/strong><a href=\"http:\/\/www.rulando.es\/libro\/zuera.pdf\">Descargar libro de ruta<\/a><\/p>\n<p><strong>CROQUIS\u00a0DE RUTA<br \/>\n<\/strong><a href=\"http:\/\/www.rulando.es\/croquis\/zuera.zip\">Descargar croquis de ruta<\/a><\/p>\n<p><strong>ARCHIVO GPS<br \/>\n<\/strong><a href=\"http:\/\/www.rulando.es\/tracks\/zuera.zip\">Descargar fichero GPX<\/a><\/p>\n<blockquote><p><strong>(*) Aviso para navegantes:<\/strong> los km indicados en el libro de ruta, obtenidos con\u00a0el cuentakil\u00f3metros\u00a0de la bici, no coinciden con los medidos por el GPS, pues \u00e9ste no toma la ruta completa sino que une puntos reales mediante l\u00edneas rectas. As\u00ed, Libro de Ruta y Croquis han de ser considerados independientemente de los archivos del GPS.<\/p><\/blockquote>\n<blockquote><p>El cuentakil\u00f3metros de la bici se ha puesto a &#8220;cero&#8221; en el punto indicado con una estrellita al principio de la ruta del Azud de Urd\u00e1n.<\/p>\n<p>El croquis y libro de ruta recogen s\u00f3lo el itinerario entre el Azud de Urd\u00e1n y Zuera. Para el tramo entre Zaragoza y Urd\u00e1n, consultar la ruta del Azud.<\/p><\/blockquote>\n<p style=\"text-align: center;\"><a href=\"http:\/\/www.rulando.es\/wp-content\/uploads\/2009\/01\/foto3.jpg\"><\/a><a href=\"http:\/\/www.rulando.es\/wp-content\/uploads\/2009\/01\/foto3.jpg\"><\/a><a href=\"http:\/\/www.rulando.es\/wp-content\/uploads\/2009\/04\/taludflores.jpg\"><\/a><a href=\"http:\/\/www.rulando.es\/wp-content\/uploads\/2009\/10\/torreguallar.jpg\"><img loading=\"lazy\" decoding=\"async\" class=\"aligncenter size-full wp-image-680\" title=\"torreguallar\" src=\"http:\/\/www.rulando.es\/wp-content\/uploads\/2009\/10\/torreguallar.jpg\" alt=\"\" width=\"500\" height=\"258\" srcset=\"https:\/\/www.rulando.es\/wp-content\/uploads\/2009\/10\/torreguallar.jpg 1181w, https:\/\/www.rulando.es\/wp-content\/uploads\/2009\/10\/torreguallar-300x154.jpg 300w\" sizes=\"auto, (max-width: 500px) 100vw, 500px\" \/><\/a><a href=\"http:\/\/www.rulando.es\/wp-content\/uploads\/2008\/11\/foto_31.jpg\"><\/a><\/p>\n","protected":false},"excerpt":{"rendered":"<p>RESUMEN Recorrido\u00a0desde la desembocadura del G\u00e1llego, remontando su cauce por la margen derecha, hasta la poblaci\u00f3n de Zuera. Se sigue el mismo itinerario descrito hasta el azud de Urd\u00e1n, y a partir de ah\u00ed se alcanza el barrio de El Comercio y la poblaci\u00f3n de Villanueva de G\u00e1llego, para finalmente entrar en Zuera por el &hellip; <a href=\"https:\/\/www.rulando.es\/?page_id=670\" class=\"more-link\">Continue reading <span class=\"screen-reader-text\">Zuera<\/span> <span class=\"meta-nav\">&rarr;<\/span><\/a><\/p>\n","protected":false},"author":2,"featured_media":0,"parent":15,"menu_order":0,"comment_status":"closed","ping_status":"open","template":"","meta":{"footnotes":""},"class_list":["post-670","page","type-page","status-publish","hentry"],"_links":{"self":[{"href":"https:\/\/www.rulando.es\/index.php?rest_route=\/wp\/v2\/pages\/670","targetHints":{"allow":["GET"]}}],"collection":[{"href":"https:\/\/www.rulando.es\/index.php?rest_route=\/wp\/v2\/pages"}],"about":[{"href":"https:\/\/www.rulando.es\/index.php?rest_route=\/wp\/v2\/types\/page"}],"author":[{"embeddable":true,"href":"https:\/\/www.rulando.es\/index.php?rest_route=\/wp\/v2\/users\/2"}],"replies":[{"embeddable":true,"href":"https:\/\/www.rulando.es\/index.php?rest_route=%2Fwp%2Fv2%2Fcomments&post=670"}],"version-history":[{"count":16,"href":"https:\/\/www.rulando.es\/index.php?rest_route=\/wp\/v2\/pages\/670\/revisions"}],"predecessor-version":[{"id":1771,"href":"https:\/\/www.rulando.es\/index.php?rest_route=\/wp\/v2\/pages\/670\/revisions\/1771"}],"up":[{"embeddable":true,"href":"https:\/\/www.rulando.es\/index.php?rest_route=\/wp\/v2\/pages\/15"}],"wp:attachment":[{"href":"https:\/\/www.rulando.es\/index.php?rest_route=%2Fwp%2Fv2%2Fmedia&parent=670"}],"curies":[{"name":"wp","href":"https:\/\/api.w.org\/{rel}","templated":true}]}}