{"id":634,"date":"2009-05-15T16:58:48","date_gmt":"2009-05-15T14:58:48","guid":{"rendered":"http:\/\/www.rulando.es\/?page_id=634"},"modified":"2023-04-17T16:42:01","modified_gmt":"2023-04-17T14:42:01","slug":"la-alfranca","status":"publish","type":"page","link":"https:\/\/www.rulando.es\/?page_id=634","title":{"rendered":"La Alfranca"},"content":{"rendered":"<p style=\"text-align: left;\"><strong>RESUMEN<\/strong><\/p>\n<p>Esta ruta recorre el Camino Natural de La Alfranca desde el final del Paseo Echegaray y Caballero en Zaragoza, hasta el poblado de La Alfranca. La ruta se realiza por una pista de tierra perfectamente acondicionada y se\u00f1alizada, primero junto al r\u00edo Ebro por su margen derecha, y posteriormente entre choperas y cultivos de la margen izquierda, alcanzando Pastriz y, finalmente, la Reserva Natural de los Galachos de La Alfranca de Pastriz, La Cartuja y el Burgo de Ebro. La primer parte de la ruta est\u00e1 constituida por el GR &#8211; 99.<\/p>\n<table style=\"text-align: center; height: 86px;\" border=\"0\" width=\"498\" cellspacing=\"0\" cellpadding=\"0\">\n<tbody>\n<tr>\n<td><a href=\"http:\/\/www.rulando.es\/libro\/alfranca.pdf\" target=\"_blank\" rel=\"noopener\"><br \/>\n<img loading=\"lazy\" decoding=\"async\" class=\"alignnone size-medium wp-image-454\" style=\"border: 0pt none;\" title=\"Libro de ruta\" src=\"http:\/\/www.rulando.es\/wp-content\/uploads\/2009\/01\/rul3druta.jpg\" alt=\"\" width=\"90\" height=\"60\" \/><\/a><\/td>\n<td><a href=\"http:\/\/www.rulando.es\/croquis\/alfranca.jpg\" target=\"_blank\" rel=\"noopener\"><img loading=\"lazy\" decoding=\"async\" class=\"alignnone size-medium wp-image-455\" style=\"border: 0pt none;\" title=\"Croquis de la ruta\" src=\"http:\/\/www.rulando.es\/wp-content\/uploads\/2009\/01\/rul3dmap.jpg\" alt=\"Descarga el croquis\" width=\"90\" height=\"73\" \/><\/a><\/td>\n<td><a href=\"http:\/\/www.rulando.es\/tracks\/alfranca.zip\" target=\"_blank\" rel=\"noopener\"><img loading=\"lazy\" decoding=\"async\" class=\"size-medium wp-image-457 alignnone\" style=\"border: 0pt none;\" title=\"Fichero GPX\" src=\"http:\/\/www.rulando.es\/wp-content\/uploads\/2009\/01\/rul3dgpx1.jpg\" alt=\"\" width=\"80\" height=\"80\" \/><\/a><\/td>\n<\/tr>\n<\/tbody>\n<\/table>\n<p><img loading=\"lazy\" decoding=\"async\" class=\"size-full wp-image-376\" title=\"pasarela bicentenario\" src=\"http:\/\/www.rulando.es\/wp-content\/uploads\/2008\/12\/pasarela.jpg\" alt=\"\" width=\"500\" height=\"244\" srcset=\"https:\/\/www.rulando.es\/wp-content\/uploads\/2008\/12\/pasarela.jpg 2267w, https:\/\/www.rulando.es\/wp-content\/uploads\/2008\/12\/pasarela-300x146.jpg 300w\" sizes=\"auto, (max-width: 500px) 100vw, 500px\" \/><\/p>\n<p><a title=\"a google\" href=\"http:\/\/www.google.com\" rel=\"www.google.com\"><br \/>\n<\/a><\/p>\n<p><strong>CARACTER\u00cdSTICAS PRINCIPALES<\/strong><\/p>\n<ul>\n<li>\n<div style=\"padding-left: 30px;\">Tipo: ruta lineal (<span style=\"text-decoration: underline;\"><strong>S\u00d3LO IDA<\/strong><\/span>)<\/div>\n<\/li>\n<li>\n<div style=\"padding-left: 30px;\">Longitud:\u00a015,64 km (*)<\/div>\n<\/li>\n<li>\n<div style=\"padding-left: 30px;\">Inicio: Paseo Echegaray y Caballero, bajo el puente del Tercer Cintur\u00f3n<\/div>\n<\/li>\n<li>\n<div style=\"padding-left: 30px;\">Final: Centro de Interpretaci\u00f3n de La Alfranca<\/div>\n<\/li>\n<li>\n<div style=\"padding-left: 30px;\">Desnivel ascendente:\u00a0\u00a0\u00a015 m (*)<\/div>\n<\/li>\n<li>\n<div style=\"padding-left: 30px;\">Desnivel descendente:\u00a035 m<\/div>\n<\/li>\n<li>\n<div style=\"padding-left: 30px;\">Itinerario: Zaragoza, proximidades de La Cartuja,\u00a0Pastriz, La Alfranca<\/div>\n<\/li>\n<li>\n<div style=\"padding-left: 30px;\">Lugares de Inter\u00e9s: pasarela del bicentenario, instalaciones de La Alfranca<\/div>\n<\/li>\n<li>\n<div style=\"padding-left: 30px;\"><span style=\"color: #000000;\">Cartograf\u00eda: Hoja\u00a0384-I (La Puebla de Alfind\u00e9n) 1:25.000 del IGN<\/span><\/div>\n<\/li>\n<\/ul>\n<blockquote>\n<p style=\"padding-left: 30px;\">(*) Datos obtenidos mediante GPS<\/p>\n<\/blockquote>\n<p><strong>MAPA Y PERFIL LONGITUDINAL<\/strong><br \/>\n[map style=&#8221;width: auto; height:400px; margin:20px 0px 20px 0px; border: 1px solid black;&#8221; gpx=&#8221;http:\/\/www.rulando.es\/tracks\/alfranca.gpx&#8221;]<\/p>\n<p><strong>DESCRIPCI\u00d3N<\/strong><\/p>\n<p>Se trata de una ruta perfectamente acondicionada para disfrutar con la familia. Imposible perderse. Dispone de se\u00f1alizaci\u00f3n en los principales cruces.<\/p>\n<p>Parte del inicio oficial del camino, en el Paseo Echegaray y Caballero bajo el puente del Tercer Cintur\u00f3n. En esta zona, existe un parking, alquiler de bicis y carritos para ni\u00f1os y la posibilidad, de realizar el recorrido en un &#8220;trenecito&#8221;.<\/p>\n<p>El itinerario se realiza siempre por pista de tierra\u00a0ancha dejando siempre atr\u00e1s caminos de menor entidad. En primer lugar circularemos por la margen derecha del Ebro hasta las\u00a0inmediaciones de La Cartuja Baja, donde se\u00a0cruza el r\u00edo a trav\u00e9s de la pasarela del Bicentenario. A partir de aqu\u00ed el camino contin\u00faa junto a los sotos de la margen izquierda hasta el pueblo de Pastriz. Se pasa cerca de las piscinas municipales y de una h\u00edpica y se llega, tras un breve tramo de carretera poco frecuentada, hasta el poblado de La Alfranca.<\/p>\n<p>En La Alfranca se encuentra el Centro de Visitantes de la Reserva Natural, as\u00ed como el Museo de la Agricultura y el Centro Internacional del Agua y el Medio Ambiente.<\/p>\n<p style=\"text-align: center;\"><a href=\"http:\/\/www.rulando.es\/wp-content\/uploads\/2008\/12\/rampa_pasarela.jpg\"><img loading=\"lazy\" decoding=\"async\" class=\"size-full wp-image-377  aligncenter\" title=\"rampa pasarela\" src=\"http:\/\/www.rulando.es\/wp-content\/uploads\/2008\/12\/rampa_pasarela.jpg\" alt=\"\" width=\"500\" height=\"233\" srcset=\"https:\/\/www.rulando.es\/wp-content\/uploads\/2008\/12\/rampa_pasarela.jpg 2267w, https:\/\/www.rulando.es\/wp-content\/uploads\/2008\/12\/rampa_pasarela-300x140.jpg 300w\" sizes=\"auto, (max-width: 500px) 100vw, 500px\" \/><\/a><\/p>\n<p style=\"text-align: left;\"><strong>LIBRO DE RUTA <\/strong><br \/>\n<a href=\"http:\/\/www.rulando.es\/libro\/alfranca.pdf\">Desc\u00e1rgate el libro de ruta<\/a><\/p>\n<p><strong>CROQUIS\u00a0DE RUTA <\/strong><br \/>\n<a href=\"http:\/\/www.rulando.es\/croquis\/alfranca.jpg\">Desc\u00e1rgate el croquis de la ruta<\/a><\/p>\n<p><strong><strong>ARCHIVO GPS<\/strong><\/strong><br \/>\n<a href=\"http:\/\/www.rulando.es\/tracks\/alfranca.zip\">Descargar el track en formato GPX<\/a><\/p>\n<p><strong>LINKS<\/strong><br \/>\n<a href=\"http:\/\/portal.aragon.es\/portal\/page\/portal\/MEDIOAMBIENTE\/CIAMA\/CaminoNatural\">http:\/\/portal.aragon.es\/<\/a><\/p>\n<p>&nbsp;<\/p>\n<p><strong>(*) Aviso para navegantes:<\/strong> los km indicados en el libro de ruta, obtenidos con el cuentakil\u00f3metros de la bici, no coinciden con los medidos por el GPS, pues \u00e9ste no toma la ruta completa sino que une puntos reales mediante l\u00edneas rectas. As\u00ed, Libro de Ruta y Croquis han de ser considerados independientemente de los archivos del GPS.<\/p>\n<blockquote><p>El cuentakil\u00f3metros de la bici se ha puesto a &#8220;cero&#8221; en el punto indicado con una estrellita al principio de la ruta.<\/p><\/blockquote>\n<p style=\"text-align: center;\"><img loading=\"lazy\" decoding=\"async\" class=\"size-full wp-image-238 aligncenter\" title=\"torre a lo lejos\" src=\"http:\/\/www.rulando.es\/wp-content\/uploads\/2008\/11\/foto_6.jpg\" alt=\"\" width=\"500\" height=\"234\" srcset=\"https:\/\/www.rulando.es\/wp-content\/uploads\/2008\/11\/foto_6.jpg 2262w, https:\/\/www.rulando.es\/wp-content\/uploads\/2008\/11\/foto_6-300x140.jpg 300w\" sizes=\"auto, (max-width: 500px) 100vw, 500px\" \/><\/p>\n","protected":false},"excerpt":{"rendered":"<p>RESUMEN Esta ruta recorre el Camino Natural de La Alfranca desde el final del Paseo Echegaray y Caballero en Zaragoza, hasta el poblado de La Alfranca. La ruta se realiza por una pista de tierra perfectamente acondicionada y se\u00f1alizada, primero junto al r\u00edo Ebro por su margen derecha, y posteriormente entre choperas y cultivos de &hellip; <a href=\"https:\/\/www.rulando.es\/?page_id=634\" class=\"more-link\">Continue reading <span class=\"screen-reader-text\">La Alfranca<\/span> <span class=\"meta-nav\">&rarr;<\/span><\/a><\/p>\n","protected":false},"author":2,"featured_media":0,"parent":15,"menu_order":0,"comment_status":"closed","ping_status":"open","template":"","meta":{"footnotes":""},"class_list":["post-634","page","type-page","status-publish","hentry"],"_links":{"self":[{"href":"https:\/\/www.rulando.es\/index.php?rest_route=\/wp\/v2\/pages\/634","targetHints":{"allow":["GET"]}}],"collection":[{"href":"https:\/\/www.rulando.es\/index.php?rest_route=\/wp\/v2\/pages"}],"about":[{"href":"https:\/\/www.rulando.es\/index.php?rest_route=\/wp\/v2\/types\/page"}],"author":[{"embeddable":true,"href":"https:\/\/www.rulando.es\/index.php?rest_route=\/wp\/v2\/users\/2"}],"replies":[{"embeddable":true,"href":"https:\/\/www.rulando.es\/index.php?rest_route=%2Fwp%2Fv2%2Fcomments&post=634"}],"version-history":[{"count":27,"href":"https:\/\/www.rulando.es\/index.php?rest_route=\/wp\/v2\/pages\/634\/revisions"}],"predecessor-version":[{"id":1763,"href":"https:\/\/www.rulando.es\/index.php?rest_route=\/wp\/v2\/pages\/634\/revisions\/1763"}],"up":[{"embeddable":true,"href":"https:\/\/www.rulando.es\/index.php?rest_route=\/wp\/v2\/pages\/15"}],"wp:attachment":[{"href":"https:\/\/www.rulando.es\/index.php?rest_route=%2Fwp%2Fv2%2Fmedia&parent=634"}],"curies":[{"name":"wp","href":"https:\/\/api.w.org\/{rel}","templated":true}]}}