{"id":56,"date":"2008-09-23T15:47:43","date_gmt":"2008-09-23T13:47:43","guid":{"rendered":"http:\/\/s253635025.mialojamiento.es\/mundoalante\/?page_id=56"},"modified":"2023-04-17T16:42:01","modified_gmt":"2023-04-17T14:42:01","slug":"las-parideras","status":"publish","type":"page","link":"https:\/\/www.rulando.es\/?page_id=56","title":{"rendered":"Las parideras"},"content":{"rendered":"<p class=\"MsoNormal\" style=\"margin: 0cm 0cm 0pt;\">\u00a0<\/p>\n<p><strong>RESUMEN<\/strong><\/p>\n<p><span style=\"color: #000000;\">Esta ruta nos acerca a la Plana de Torrero y a sus vales, mediante un recorrido circular que parte de los pinares de Torrero (Camino del Tiro de Bola), sube hasta la paridera de G\u00f3mez y nos devuelve al valle del Huerva a la altura de Cuarte. Comparte parte de su recorrido con el PR &#8211; Z &#8211; 23, de los senderos de Goya, que une Zaragoza con Fuendetodos.<\/span><\/p>\n<table style=\"text-align: center; height: 86px;\" width=\"498\" border=\"0\" cellspacing=\"0\" cellpadding=\"0\">\n<tbody>\n<tr>\n<td>&nbsp;<\/p>\n<p><img loading=\"lazy\" decoding=\"async\" class=\"alignnone size-medium wp-image-454\" style=\"border: 0pt;\" title=\"Libro de ruta\" src=\"http:\/\/www.rulando.es\/wp-content\/uploads\/2009\/01\/rul3druta.jpg\" alt=\"\" width=\"90\" height=\"60\" \/><\/td>\n<td><a href=\"http:\/\/www.rulando.es\/croquis\/parideras.jpg\" target=\"_blank\" rel=\"noopener\"><img loading=\"lazy\" decoding=\"async\" class=\"alignnone size-medium wp-image-455\" style=\"border: 0pt;\" title=\"Croquis de la ruta\" src=\"http:\/\/www.rulando.es\/wp-content\/uploads\/2009\/01\/rul3dmap.jpg\" alt=\"Descarga el croquis\" width=\"90\" height=\"73\" \/><\/a><\/td>\n<td><a href=\"http:\/\/www.rulando.es\/tracks\/parideras.zip\" target=\"_blank\" rel=\"noopener\"><img loading=\"lazy\" decoding=\"async\" class=\"size-medium wp-image-457 alignnone\" style=\"border: 0pt;\" title=\"Fichero GPX\" src=\"http:\/\/www.rulando.es\/wp-content\/uploads\/2009\/01\/rul3dgpx1.jpg\" alt=\"\" width=\"80\" height=\"80\" \/><\/a><\/td>\n<\/tr>\n<\/tbody>\n<\/table>\n<p>\u00a0\u00a0<\/p>\n<p><strong><a href=\"http:\/\/www.rulando.es\/wp-content\/uploads\/2008\/09\/cuesta_royo.jpg\"><img loading=\"lazy\" decoding=\"async\" class=\"aligncenter size-full wp-image-1277\" title=\"cuesta_royo\" src=\"http:\/\/www.rulando.es\/wp-content\/uploads\/2008\/09\/cuesta_royo.jpg\" alt=\"\" width=\"470\" height=\"226\" srcset=\"https:\/\/www.rulando.es\/wp-content\/uploads\/2008\/09\/cuesta_royo.jpg 470w, https:\/\/www.rulando.es\/wp-content\/uploads\/2008\/09\/cuesta_royo-300x144.jpg 300w\" sizes=\"auto, (max-width: 470px) 100vw, 470px\" \/><\/a><\/strong><\/p>\n<p><strong>CARACTER\u00cdSTICAS PRINCIPALES<\/strong><\/p>\n<ul>\n<li>\n<div style=\"padding-left: 30px;\">Tipo: circular<\/div>\n<\/li>\n<li>\n<div style=\"padding-left: 30px;\">Longitud:\u00a021,0 km (*)<\/div>\n<\/li>\n<li>\n<div style=\"padding-left: 30px;\">Inicio: Inicio del Camino de Tiro de Bola, junto al cementerio de Torrero<\/div>\n<\/li>\n<li>\n<div style=\"padding-left: 30px;\">Final: idem<\/div>\n<\/li>\n<li>\n<div style=\"padding-left: 30px;\">Desnivel ascendente:\u00a0\u00a0\u00a0265 m (*)<\/div>\n<\/li>\n<li>\n<div style=\"padding-left: 30px;\">Desnivel descendente:\u00a0idem<\/div>\n<\/li>\n<li>\n<div style=\"padding-left: 30px;\">Itinerario: Zaragoza, Cuarte, Zaragoza.<\/div>\n<\/li>\n<li>\n<div style=\"padding-left: 30px;\">Lugares de Inter\u00e9s: plana de Torrero, buenas vistas de la ciudad<\/div>\n<\/li>\n<li>\n<div style=\"padding-left: 30px;\">Cartograf\u00eda: Hojas 383-II (Zaragoza) y 383-IV (Mar\u00eda de Huerva) 1:25.000 del IGN<\/div>\n<\/li>\n<\/ul>\n<blockquote>\n<p style=\"padding-left: 30px;\">\u00a0(*) Datos obtenidos mediante GPS\u00a0<\/p>\n<\/blockquote>\n<p>&nbsp;<\/p>\n<p><strong>MAPA Y PERFIL LONGITUDINAL<\/strong><br \/>\n[map style=&#8221;width: auto; height:400px; margin:20px 0px 20px 0px; border: 1px solid black;&#8221; gpx=&#8221;http:\/\/www.rulando.es\/tracks\/parideras.gpx&#8221;]<\/p>\n<p style=\"margin: 0cm 0cm 0pt;\"><strong>DESCRIPCI\u00d3N<\/strong><\/p>\n<p style=\"margin: 0cm 0cm 0pt;\"><strong>\u00a0<\/strong>\u00a0<\/p>\n<p style=\"margin: 0cm 0cm 0pt;\">Este recorrido circular comparte ruta con el sendero PR -Z- 23 (Senderos de Goya), inici\u00e1ndose en el panel que existe junto al Camino de Tiro de Bola,\u00a0pr\u00f3ximo al cementerio de Torrero. El punto inicial de la ruta es f\u00e1cilmente accesible desde el carril bici del Tercer Cintur\u00f3n, en el enlace de V\u00eda Hispanidad con el acceso al cementerio y al Paseo Duque de Alba.<\/p>\n<p style=\"margin: 0cm 0cm 0pt;\">\u00a0<\/p>\n<p style=\"margin: 0cm 0cm 0pt;\">En el panel informativo &#8220;Senderos de Goya&#8221;, colocamos nuestro cuentakil\u00f3metros a cero. Y comenzamos a pedalear por el ancho camino del Tiro de Bola, que nos acerca a la Plana de Torrero. El camino est\u00e1 balizado con traviesas de madera y placas de PR o pintura PR (blanca y amarilla).<\/p>\n<p style=\"margin: 0cm 0cm 0pt;\">\u00a0<\/p>\n<p style=\"margin: 0cm 0cm 0pt;\">Cruzamos el Cuarto Cintur\u00f3n y las v\u00edas del AVE y atravesamos la zona de canteras, dejando atr\u00e1s los diferentes accesos a las mismas, siempre por el camino principal y respetando las restricciones de acceso.<\/p>\n<p style=\"margin: 0cm 0cm 0pt;\">\u00a0<\/p>\n<p style=\"margin: 0cm 0cm 0pt;\">Cuando el amplio vial que recorremos, traza una curva a derechas, tomamos una pista a la izquierda y dejamos atr\u00e1s las canteras.<\/p>\n<p style=\"margin: 0cm 0cm 0pt;\">Continuamos en ascenso continuo hasta las proximidades de una balsa, y alcanzamos el Collado de la Cuesta del Royo.<\/p>\n<p style=\"margin: 0cm 0cm 0pt;\">\u00a0<\/p>\n<p style=\"margin: 0cm 0cm 0pt;\">A partir de aqu\u00ed, un tramo en fuerte pendiente y, a continuaci\u00f3n, m\u00e1s suave, nos acerca a la Val del Monta\u00f1\u00e9s. M\u00e1s adelante remontamos por otra bifurcaci\u00f3n de la val y cruzamos un gasoducto y pistas secundarias. Tras unas cuantas ondulaciones del camino, nos acercamos a la paridera de G\u00f3mez.<\/p>\n<p style=\"margin: 0cm 0cm 0pt;\">\u00a0<\/p>\n<p style=\"margin: 0cm 0cm 0pt;\">La dejamos a nuestra derecha y continuamos con la misma direcci\u00f3n que llev\u00e1bamos. Tambi\u00e9n dejamos un desv\u00edo a la derecha con cadeana. M\u00e1s adelante, abandonamos el recorrido del PR &#8211; Z &#8211; 23, dejando un desv\u00edo a la izquierda que nos llevar\u00eda\u00a0 a Fuendetodos.\u00a0<\/p>\n<p style=\"margin: 0cm 0cm 0pt;\">\u00a0<\/p>\n<p style=\"margin: 0cm 0cm 0pt;\">En\u00a0la siguiente\u00a0intersecci\u00f3n, giramos a la derecha, dejando un camino a la izquierda que nos conducir\u00eda al Corral de\u00a0las Cabras (ruinas) y el camino principal que nos llevar\u00eda a la urbanizaci\u00f3n Sisallete.<\/p>\n<p style=\"margin: 0cm 0cm 0pt;\">\u00a0<\/p>\n<p style=\"margin: 0cm 0cm 0pt;\">Continuamos por\u00a0el camino de Valdeconsejo que discurre por la margen izquierda de la Val,\u00a0y que\u00a0nos conducir\u00e1 hasta Cuarte. El descenso es suave y el firme est\u00e1 en buenas condiciones, salvo por alg\u00fan reguero que hay que evitar.<\/p>\n<p style=\"margin: 0cm 0cm 0pt;\">\u00a0<\/p>\n<p style=\"margin: 0cm 0cm 0pt;\">Dejamos numerosas interesecciones a ambos lados, y finalmente, este agradable camino desemboca en una carretera de acceso a\u00a0uno de los\u00a0pol\u00edgonos industriales de Cuarte.<\/p>\n<p style=\"margin: 0cm 0cm 0pt;\">\u00a0<\/p>\n<p style=\"margin: 0cm 0cm 0pt;\">Ya en el asfalto, continuamos por la calle que desciende hasta una primera rotonda. Mantenemos la direcci\u00f3n y continuamos el descenso por una amplia\u00a0calle (Avenida de Valdeconsejo). En la segunda rotonda, tomamos el primer desv\u00edo, es decir, giramos a la derecha tomando el &#8220;Camino de Cuarte a Zaragoza&#8221; (camino asfaltado).<\/p>\n<p style=\"margin: 0cm 0cm 0pt;\">\u00a0<\/p>\n<p style=\"margin: 0cm 0cm 0pt;\">Continuamos por este camino hasta pasar bajo las v\u00edas del AVE y el Cuarto Cintur\u00f3n. Desp\u00faes, 600 m m\u00e1s adelante,\u00a0en una curva pronunciada a la derecha,\u00a0tomamos en la bifurcaci\u00f3n la carretera de la derecha. Poco despu\u00e9s, dejamos el asfalto y cogemos una pista de tierra a la derecha que asciende entre pinos. Es la \u00faltima rampa. Mantenemos el rumbo hasta\u00a0cerrar nuestro recorrido circular en el punto inicial.<\/p>\n<p style=\"margin: 0cm 0cm 0pt;\">\u00a0<\/p>\n<p style=\"margin: 0cm 0cm 0pt;\"><a href=\"http:\/\/www.rulando.es\/wp-content\/uploads\/2008\/09\/laestepa.jpg\"><img loading=\"lazy\" decoding=\"async\" class=\"aligncenter size-full wp-image-1278\" title=\"laestepa\" src=\"http:\/\/www.rulando.es\/wp-content\/uploads\/2008\/09\/laestepa.jpg\" alt=\"\" width=\"470\" height=\"209\" srcset=\"https:\/\/www.rulando.es\/wp-content\/uploads\/2008\/09\/laestepa.jpg 470w, https:\/\/www.rulando.es\/wp-content\/uploads\/2008\/09\/laestepa-300x133.jpg 300w\" sizes=\"auto, (max-width: 470px) 100vw, 470px\" \/><\/a><\/p>\n<p><strong>LIBRO DE RUTA<\/strong><\/p>\n<p><a href=\"http:\/\/www.rulando.es\/libro\/parideras.pdf\">Descargar libro de ruta<\/a><\/p>\n<p>&nbsp;<\/p>\n<p><strong>CROQUIS DE RUTA<\/strong><\/p>\n<p><a href=\"http:\/\/www.rulando.es\/croquis\/parideras.jpg\">Descargar croquis de ruta<\/a><\/p>\n<p><strong>ARCHIVO GPS<\/strong><\/p>\n<p><a href=\"http:\/\/www.rulando.es\/tracks\/parideras.zip\">Descargar\u00a0track en formato GPX<\/a><\/p>\n<p style=\"margin: 0cm 0cm 0pt;\">\u00a0<strong>LINKS<\/strong><\/p>\n<p style=\"margin: 0cm 0cm 0pt;\"><a href=\"http:\/\/www.juegostradicionalesaragoneses.com\/juegos\/default.htm\">http:\/\/www.juegostradicionalesaragoneses.com\/juegos\/default.htm<\/a><\/p>\n<p style=\"margin: 0cm 0cm 0pt;\">\u00a0<\/p>\n<p style=\"margin: 0cm 0cm 0pt;\"><a href=\"http:\/\/www.rulando.es\/wp-content\/uploads\/2008\/09\/valdeconsejo.jpg\"><img loading=\"lazy\" decoding=\"async\" class=\"aligncenter size-full wp-image-1279\" title=\"valdeconsejo\" src=\"http:\/\/www.rulando.es\/wp-content\/uploads\/2008\/09\/valdeconsejo.jpg\" alt=\"\" width=\"470\" height=\"222\" srcset=\"https:\/\/www.rulando.es\/wp-content\/uploads\/2008\/09\/valdeconsejo.jpg 470w, https:\/\/www.rulando.es\/wp-content\/uploads\/2008\/09\/valdeconsejo-300x141.jpg 300w\" sizes=\"auto, (max-width: 470px) 100vw, 470px\" \/><\/a><\/p>\n","protected":false},"excerpt":{"rendered":"<p>\u00a0 RESUMEN Esta ruta nos acerca a la Plana de Torrero y a sus vales, mediante un recorrido circular que parte de los pinares de Torrero (Camino del Tiro de Bola), sube hasta la paridera de G\u00f3mez y nos devuelve al valle del Huerva a la altura de Cuarte. Comparte parte de su recorrido con &hellip; <a href=\"https:\/\/www.rulando.es\/?page_id=56\" class=\"more-link\">Continue reading <span class=\"screen-reader-text\">Las parideras<\/span> <span class=\"meta-nav\">&rarr;<\/span><\/a><\/p>\n","protected":false},"author":2,"featured_media":0,"parent":15,"menu_order":0,"comment_status":"closed","ping_status":"open","template":"","meta":{"footnotes":""},"class_list":["post-56","page","type-page","status-publish","hentry"],"_links":{"self":[{"href":"https:\/\/www.rulando.es\/index.php?rest_route=\/wp\/v2\/pages\/56","targetHints":{"allow":["GET"]}}],"collection":[{"href":"https:\/\/www.rulando.es\/index.php?rest_route=\/wp\/v2\/pages"}],"about":[{"href":"https:\/\/www.rulando.es\/index.php?rest_route=\/wp\/v2\/types\/page"}],"author":[{"embeddable":true,"href":"https:\/\/www.rulando.es\/index.php?rest_route=\/wp\/v2\/users\/2"}],"replies":[{"embeddable":true,"href":"https:\/\/www.rulando.es\/index.php?rest_route=%2Fwp%2Fv2%2Fcomments&post=56"}],"version-history":[{"count":64,"href":"https:\/\/www.rulando.es\/index.php?rest_route=\/wp\/v2\/pages\/56\/revisions"}],"predecessor-version":[{"id":1766,"href":"https:\/\/www.rulando.es\/index.php?rest_route=\/wp\/v2\/pages\/56\/revisions\/1766"}],"up":[{"embeddable":true,"href":"https:\/\/www.rulando.es\/index.php?rest_route=\/wp\/v2\/pages\/15"}],"wp:attachment":[{"href":"https:\/\/www.rulando.es\/index.php?rest_route=%2Fwp%2Fv2%2Fmedia&parent=56"}],"curies":[{"name":"wp","href":"https:\/\/api.w.org\/{rel}","templated":true}]}}