{"id":19,"date":"2008-08-18T23:25:54","date_gmt":"2008-08-18T21:25:54","guid":{"rendered":"http:\/\/s253635025.mialojamiento.es\/mundoalante\/?page_id=19"},"modified":"2023-04-17T16:42:17","modified_gmt":"2023-04-17T14:42:17","slug":"hola-que-tal","status":"publish","type":"page","link":"https:\/\/www.rulando.es\/?page_id=19","title":{"rendered":"Riberas del Ebro"},"content":{"rendered":"<p><strong><span style=\"color: #000000;\">RESUMEN<\/span><\/strong><\/p>\n<p><span style=\"color: #000000;\">Itinerario urbano junto a las riberas del Ebro que\u00a0recorre todos los barrios de sus m\u00e1rgenes por carril &#8211; bici: desde Vadorrey hasta el Actur y, en la otra margen, desde La Almozara a Las Fuentes.<\/span><\/p>\n<p>Todo el recorrido se realiza por carril bici salvo entre el puente del Tercer Milenio y el parque de San Pablo, donde se transita por paseos amplios peatonales.<\/p>\n<table style=\"text-align: center; height: 86px;\" border=\"0\" cellspacing=\"0\" cellpadding=\"0\" width=\"498\">\n<tbody>\n<tr>\n<td>\u00a0<\/td>\n<td><a href=\"http:\/\/www.rulando.es\/croquis\/riberasebro.jpg\" target=\"_blank\" rel=\"noopener\"><img loading=\"lazy\" decoding=\"async\" class=\"alignnone size-medium wp-image-455\" style=\"border: 0pt none;\" title=\"Croquis de la ruta\" src=\"http:\/\/www.rulando.es\/wp-content\/uploads\/2009\/01\/rul3dmap.jpg\" alt=\"Descarga el croquis\" width=\"90\" height=\"73\" \/><\/a><\/td>\n<td><a href=\"http:\/\/www.rulando.es\/tracks\/riberasebro.zip\" target=\"_blank\" rel=\"noopener\"><img loading=\"lazy\" decoding=\"async\" class=\"size-medium wp-image-457 alignnone\" style=\"border: 0pt none;\" title=\"Fichero GPX\" src=\"http:\/\/www.rulando.es\/wp-content\/uploads\/2009\/01\/rul3dgpx1.jpg\" alt=\"\" width=\"80\" height=\"80\" \/><\/a><\/td>\n<\/tr>\n<tr>\n<td>\u00a0<\/td>\n<td>\u00a0<\/td>\n<td>\u00a0<\/td>\n<\/tr>\n<\/tbody>\n<\/table>\n<p style=\"text-align: center;\"><a href=\"http:\/\/www.rulando.es\/wp-content\/uploads\/2009\/01\/foto12.jpg\"><img loading=\"lazy\" decoding=\"async\" class=\"size-full wp-image-469  aligncenter\" title=\"pasarela Manterola\" src=\"http:\/\/www.rulando.es\/wp-content\/uploads\/2009\/01\/foto12.jpg\" alt=\"\" width=\"500\" height=\"281\" srcset=\"https:\/\/www.rulando.es\/wp-content\/uploads\/2009\/01\/foto12.jpg 800w, https:\/\/www.rulando.es\/wp-content\/uploads\/2009\/01\/foto12-300x169.jpg 300w\" sizes=\"auto, (max-width: 500px) 100vw, 500px\" \/><\/a><\/p>\n<p>\u00a0<strong>CARACTER\u00cdSTICAS PRINCIPALES<\/strong><\/p>\n<ul>\n<li>\n<div style=\"PADDING-LEFT: 30px\">Tipo: ruta circular<\/div>\n<\/li>\n<li>\n<div style=\"PADDING-LEFT: 30px\">Longitud:\u00a014,7 km (*)<\/div>\n<\/li>\n<li>\n<div style=\"PADDING-LEFT: 30px\">Inicio: Azud del Ebro<\/div>\n<\/li>\n<li>\n<div style=\"PADDING-LEFT: 30px\">Final: idem<\/div>\n<\/li>\n<li>\n<div style=\"PADDING-LEFT: 30px\">Desnivel:\u00a0inapreciable<\/div>\n<\/li>\n<li>\n<div style=\"PADDING-LEFT: 30px\">Itinerario: Azud de Vadorrey, Arrabal, Actur, Recinto Expo, Almozara, Casco Hist\u00f3rico y Las Fuentes<\/div>\n<\/li>\n<li>\n<div style=\"PADDING-LEFT: 30px\">Lugares de Inter\u00e9s: centro hist\u00f3rico (bas\u00edlica del Pilar, puente de Piedra) y\u00a0entorno de Ranillas\u00a0(recintos Expo, puente del Tercer Milenio, pabell\u00f3n puente y pasarela del Voluntariado)<\/div>\n<\/li>\n<li>\n<div style=\"PADDING-LEFT: 30px\">Cartograf\u00eda: 383-II (Zaragoza) y Hoja 354-IV (Utebo) 1:25.000 del IGN<br \/>\nVer tambi\u00e9n plano de carriles bici del Ayuntamiento de\u00a0Zaragoza\u00a0en Enlaces<\/div>\n<\/li>\n<\/ul>\n<blockquote>\n<p style=\"PADDING-LEFT: 30px\">(*) Datos obtenidos mediante GPS<\/p>\n<\/blockquote>\n<blockquote>\n<p style=\"PADDING-LEFT: 30px\">(*) NOTA: Gracias a Pedro Z. por su colaboraci\u00f3n en la elaboraci\u00f3n de la cartograf\u00eda<\/p>\n<\/blockquote>\n<p><strong>MAPA Y PERFIL LONGITUDINAL<\/strong><\/p>\n<p>[map style=&#8221;width: auto; height:400px; margin:20px 0px 20px 0px; border: 1px solid black;&#8221; gpx=&#8221;http:\/\/www.rulando.es\/tracks\/riberasebro.gpx&#8221;]<\/p>\n<p><strong>DESCRIPCI\u00d3N<\/strong><\/p>\n<p>Partimos del azud de Vadorrey en la margen izquierda del r\u00edo. Nos dirigimos por el carril bici hacia el puente del Pilar (puente de Hierro). Continuamos por el\u00a0carril bici\u00a0hasta la avenida Ranillas y el recinto de la Expo 2008.<\/p>\n<p>Cuando ya hemos dejado\u00a0atr\u00e1s el recinto Expo y la subestaci\u00f3n de la compa\u00f1\u00eda el\u00e9ctrica, llegamos a una rotonda antes del puente de la autopista. Dejamos entonces el carril bici y tomamos un camino en el entorno del parque del Agua, que continua con una\u00a0rampa que da acceso a la pasarela anexa a la autov\u00eda A &#8211; 2. \u00c9sta nos permite cruzar el r\u00edo a ciclistas y peatones con seguridad y tranquilidad.<\/p>\n<p>En la otra margen, continuamos por un carril bici m\u00e1s campestre, lejos de la ciudad y \u00a1sin sem\u00e1foros!, hasta pr\u00e1cticamente el barrio de La Almozara. Al llegar al puente del Tercer Milenio dejamos el carril bici y continuamos por un paseo junto al r\u00edo. Pasamos bajo el puente del Tercer Milenio, despu\u00e9s bajo el pabell\u00f3n puente y finalmente llegamos a la pasarela\u00a0del Voluntariado.<\/p>\n<p>Por aqu\u00ed continuamos por zona de parque compartida con peatones y, pasando bajo el puente de Santiago, llegamos al parque de San Pablo. Lo atravesamos y nos situamos de nuevo sobre el carril bici de Echegaray. Lo tomamos pr\u00e1cticamente hasta su final. Dejamos a la derecha el casco hist\u00f3rico de la ciudad, y a la izquierda los puentes de Piedra, de Hierro y de Las Fuentes. Llegamos al azud que nos devuelve a la otra margen y a nuestro punto de partida.<\/p>\n<p style=\"text-align: center;\"><a href=\"http:\/\/www.rulando.es\/wp-content\/uploads\/2009\/01\/foto21.jpg\"><img loading=\"lazy\" decoding=\"async\" class=\"size-full wp-image-472  aligncenter\" title=\"paseo en la margen dcha\" src=\"http:\/\/www.rulando.es\/wp-content\/uploads\/2009\/01\/foto21.jpg\" alt=\"\" width=\"500\" height=\"288\" srcset=\"https:\/\/www.rulando.es\/wp-content\/uploads\/2009\/01\/foto21.jpg 800w, https:\/\/www.rulando.es\/wp-content\/uploads\/2009\/01\/foto21-300x173.jpg 300w\" sizes=\"auto, (max-width: 500px) 100vw, 500px\" \/><\/a><\/p>\n<p style=\"text-align: center;\"><a href=\"http:\/\/www.rulando.es\/wp-content\/uploads\/2008\/11\/foto_41.jpg\"><\/a><\/p>\n<p><strong>CROQUIS\u00a0DE RUTA<br \/>\n<\/strong><a href=\"http:\/\/www.rulando.es\/croquis\/riberasebro.jpg\">Descargar croquis de la ruta<\/a><\/p>\n<p><strong>ARCHIVO GPS<br \/>\n<\/strong><a href=\"http:\/\/www.rulando.es\/tracks\/riberasebro.zip\">Descargar fichero GPX<\/a><\/p>\n<p><strong>LINKS<\/strong><\/p>\n<p><a href=\"http:\/\/www.zaragoza.es\/weboficial\/\">http:\/\/www.zaragoza.es\/weboficial\/<\/a><\/p>\n<blockquote><p><a href=\"http:\/\/www.rulando.es\/wp-content\/uploads\/2009\/01\/foto4.jpg\"><img loading=\"lazy\" decoding=\"async\" class=\"size-full wp-image-474    aligncenter\" title=\"chopos en invierno\" src=\"http:\/\/www.rulando.es\/wp-content\/uploads\/2009\/01\/foto4.jpg\" alt=\"\" width=\"500\" height=\"257\" srcset=\"https:\/\/www.rulando.es\/wp-content\/uploads\/2009\/01\/foto4.jpg 800w, https:\/\/www.rulando.es\/wp-content\/uploads\/2009\/01\/foto4-300x154.jpg 300w\" sizes=\"auto, (max-width: 500px) 100vw, 500px\" \/><\/a><\/p><\/blockquote>\n","protected":false},"excerpt":{"rendered":"<p>RESUMEN Itinerario urbano junto a las riberas del Ebro que\u00a0recorre todos los barrios de sus m\u00e1rgenes por carril &#8211; bici: desde Vadorrey hasta el Actur y, en la otra margen, desde La Almozara a Las Fuentes. Todo el recorrido se realiza por carril bici salvo entre el puente del Tercer Milenio y el parque de &hellip; <a href=\"https:\/\/www.rulando.es\/?page_id=19\" class=\"more-link\">Continue reading <span class=\"screen-reader-text\">Riberas del Ebro<\/span> <span class=\"meta-nav\">&rarr;<\/span><\/a><\/p>\n","protected":false},"author":5,"featured_media":0,"parent":7,"menu_order":0,"comment_status":"closed","ping_status":"open","template":"","meta":{"footnotes":""},"class_list":["post-19","page","type-page","status-publish","hentry"],"_links":{"self":[{"href":"https:\/\/www.rulando.es\/index.php?rest_route=\/wp\/v2\/pages\/19","targetHints":{"allow":["GET"]}}],"collection":[{"href":"https:\/\/www.rulando.es\/index.php?rest_route=\/wp\/v2\/pages"}],"about":[{"href":"https:\/\/www.rulando.es\/index.php?rest_route=\/wp\/v2\/types\/page"}],"author":[{"embeddable":true,"href":"https:\/\/www.rulando.es\/index.php?rest_route=\/wp\/v2\/users\/5"}],"replies":[{"embeddable":true,"href":"https:\/\/www.rulando.es\/index.php?rest_route=%2Fwp%2Fv2%2Fcomments&post=19"}],"version-history":[{"count":42,"href":"https:\/\/www.rulando.es\/index.php?rest_route=\/wp\/v2\/pages\/19\/revisions"}],"predecessor-version":[{"id":1774,"href":"https:\/\/www.rulando.es\/index.php?rest_route=\/wp\/v2\/pages\/19\/revisions\/1774"}],"up":[{"embeddable":true,"href":"https:\/\/www.rulando.es\/index.php?rest_route=\/wp\/v2\/pages\/7"}],"wp:attachment":[{"href":"https:\/\/www.rulando.es\/index.php?rest_route=%2Fwp%2Fv2%2Fmedia&parent=19"}],"curies":[{"name":"wp","href":"https:\/\/api.w.org\/{rel}","templated":true}]}}